st common factor of 325 and 39?
13
Calculate the greatest common factor of 88 and 360.
8
Calculate the greatest common factor of 27 and 216.
27
Calculate the greatest common divisor of 648 and 288.
72
Calculate the highest common divisor of 268 and 124.
4
Calculate the greatest common factor of 675 and 175.
25
What is the greatest common factor of 11 and 1397?
11
What is the highest common divisor of 749 and 321?
107
Calculate the highest common divisor of 31130 and 110.
110
Calculate the highest common divisor of 143 and 10153.
143
Calculate the greatest common divisor of 119 and 9877.
119
What is the greatest common factor of 142 and 19312?
142
Calculate the greatest common factor of 416 and 1144.
104
Calculate the greatest common factor of 175 and 25.
25
What is the highest common factor of 66 and 418?
22
What is the greatest common factor of 286 and 4?
2
Calculate the highest common factor of 1853 and 109.
109
What is the highest common divisor of 15 and 477?
3
What is the highest common divisor of 270 and 120?
30
What is the highest common divisor of 1296 and 810?
162
What is the highest common factor of 102 and 30?
6
Calculate the greatest common factor of 690 and 276.
138
Calculate the highest common divisor of 592 and 8.
8
Calculate the highest common factor of 88 and 704.
88
Calculate the greatest common factor of 2781 and 1648.
103
What is the greatest common factor of 602 and 42?
14
What is the highest common divisor of 21 and 1701?
21
What is the greatest common factor of 2255 and 82?
41
Calculate the greatest common divisor of 11 and 80.
1
What is the highest common factor of 280 and 392?
56
Calculate the highest common divisor of 140 and 80.
20
What is the highest common factor of 352 and 3256?
88
Calculate the greatest common divisor of 3810 and 120.
30
What is the greatest common divisor of 32 and 26?
2
Calculate the highest common divisor of 76 and 8.
4
Calculate the greatest common factor of 654 and 42.
6
Calculate the highest common factor of 22 and 22.
22
Calculate the greatest common divisor of 88 and 328.
8
What is the highest common factor of 16 and 112?
16
What is the greatest common divisor of 65 and 1250?
5
What is the greatest common divisor of 107 and 5671?
107
What is the highest common factor of 6193 and 110?
11
Calculate the greatest common factor of 65 and 1040.
65
What is the greatest common divisor of 114 and 779?
19
Calculate the highest common factor of 16 and 1488.
16
What is the greatest common divisor of 13 and 1?
1
What is the highest common divisor of 796 and 199?
199
What is the greatest common factor of 105 and 5145?
105
Calculate the highest common factor of 24040 and 40.
40
What is the highest common divisor of 2795 and 520?
65
What is the greatest common divisor of 520 and 80?
40
Calculate the greatest common factor of 164 and 28.
4
Calculate the greatest common factor of 96 and 800.
32
What is the highest common factor of 2040 and 136?
136
What is the highest common divisor of 85 and 10642?
17
What is the greatest common factor of 1037 and 17?
17
Calculate the greatest common factor of 15 and 13.
1
Calculate the greatest common factor of 600 and 250.
50
What is the greatest common divisor of 5 and 445?
5
Calculate the highest common factor of 180 and 7.
1
Calculate the highest common divisor of 92078 and 14.
14
Calculate the highest common divisor of 99 and 99.
99
What is the greatest common factor of 12294 and 18?
18
Calculate the greatest common divisor of 207 and 18.
9
Calculate the highest common factor of 304 and 323.
19
Calculate the highest common factor of 594 and 2214.
54
Calculate the greatest common divisor of 382 and 2.
2
What is the highest common factor of 42 and 3115?
7
Calculate the greatest common divisor of 9 and 222.
3
What is the highest common factor of 44 and 52?
4
What is the highest common divisor of 1350 and 54?
54
What is the highest common divisor of 5207 and 41?
41
Calculate the greatest common factor of 2958 and 348.
174
What is the highest common divisor of 94 and 7849?
47
What is the greatest common factor of 28 and 23212?
28
Calculate the greatest common divisor of 648 and 576.
72
What is the highest common factor of 5278 and 546?
182
Calculate the highest common factor of 639 and 71.
71
What is the greatest common divisor of 917 and 655?
131
Calculate the greatest common divisor of 2173 and 318.
53
Calculate the highest common divisor of 18437 and 179.
179
What is the highest common factor of 7955 and 86?
43
What is the highest common divisor of 305 and 4697?
61
Calculate the greatest common factor of 506 and 748.
22
What is the highest common divisor of 56 and 308?
28
What is the highest common factor of 126 and 70?
14
What is the greatest common factor of 364 and 494?
26
Calculate the greatest common divisor of 321 and 3.
3
Calculate the highest common divisor of 8640 and 27.
27
Calculate the greatest common factor of 377 and 26.
13
What is the highest common divisor of 12 and 128?
4
Calculate the highest common factor of 38 and 703.
19
What is the greatest common divisor of 1073 and 58?
29
What is the highest common factor of 793 and 183?
61
What is the greatest common divisor of 13197 and 159?
159
What is the highest common factor of 26 and 117?
13
What is the greatest common factor of 2640 and 88?
88
Calculate the greatest common divisor of 121 and 2662.
121
What is the highest common factor of 182 and 896?
14
Calculate the greatest common factor of 118 and 1947.
59
What is the greatest common divisor of 96 and 57?
3
Calculate the highest common factor of 308 and 3164.
28
What is the greatest common divisor of 138 and 1702?
46
Calculate the greatest common divisor of 63 and 399.
21
Calculate the greatest common factor of 44 and 9812.
44
What is the highest common divisor of 6468 and 352?
44
What is the greatest common divisor of 39088 and 112?
112
What is the greatest common divisor of 2376 and 72?
72
What is the highest common divisor of 46 and 10097?
23
What is the highest common factor of 6128 and 16?
16
Calculate the greatest common factor of 1474 and 134.
134
Calculate the greatest common divisor of 4640 and 348.
116
What is the highest common factor of 19 and 133?
19
Calculate the highest common factor of 464 and 48952.
232
Calculate the highest common divisor of 357 and 68.
17
Calculate the highest common divisor of 261 and 6873.
87
What is the greatest common factor of 88 and 946?
22
What is the greatest common divisor of 659 and 2?
1
Calculate the highest common divisor of 117 and 26.
13
What is the highest common divisor of 31 and 217?
31
What is the greatest common factor of 99 and 1309?
11
Calculate the highest common factor of 51 and 986.
17
What is the greatest common factor of 177 and 16107?
177
Calculate the highest common divisor of 108 and 696.
12
What is the highest common factor of 35 and 98?
7
What is the highest common divisor of 113 and 2?
1
Calculate the greatest common factor of 16 and 20.
4
Calculate the highest common factor of 1683 and 85.
17
Calculate the greatest common divisor of 212 and 159.
53
Calculate the greatest common divisor of 69 and 81.
3
What is the greatest common factor of 11 and 9053?
11
What is the greatest common divisor of 22 and 649?
11
What is the highest common divisor of 108 and 297?
27
Calculate the greatest common divisor of 216 and 354.
6
Calculate the greatest common factor of 57 and 11343.
57
Calculate the greatest common divisor of 201 and 268.
67
Calculate the greatest common divisor of 1232 and 880.
176
What is the greatest common factor of 145 and 58?
29
Calculate the greatest common factor of 66 and 2794.
22
What is the greatest common factor of 826 and 42?
14
What is the highest common factor of 546 and 390?
78
What is the highest common divisor of 78 and 247?
13
Calculate the greatest common divisor of 38 and 5149.
19
Calculate the greatest common divisor of 80 and 112.
16
What is the highest common factor of 6912 and 108?
108
Calculate the greatest common divisor of 2457 and 91.
91
Calculate the highest common divisor of 2 and 1.
1
What is the greatest common divisor of 250 and 550?
50
What is the greatest common divisor of 114 and 608?
38
Calculate the greatest common divisor of 66 and 1100